e factors of 758608304.
2, 67, 71, 9967
What are the prime factors of 32881017?
3, 13, 843103
What are the prime factors of 380191402?
2, 1597, 119033
What are the prime factors of 85571555?
5, 367, 46633
List the prime factors of 1668577316.
2, 7, 97, 337, 1823
List the prime factors of 2508719149.
367, 1847, 3701
What are the prime factors of 52251758?
2, 13, 154591
List the prime factors of 2142744251.
2142744251
List the prime factors of 2798491048.
2, 103, 3396227
What are the prime factors of 103103057?
9323, 11059
What are the prime factors of 13311857?
13, 47, 21787
What are the prime factors of 47211786?
2, 3, 509, 5153
List the prime factors of 2533696402.
2, 31, 439, 93089
List the prime factors of 5760119386.
2, 7, 151, 2724749
List the prime factors of 41612287.
59, 705293
What are the prime factors of 768986639?
19, 40472981
What are the prime factors of 7719876199?
7, 5449, 202393
List the prime factors of 12117995.
5, 191, 12689
What are the prime factors of 82571819?
11, 743, 10103
What are the prime factors of 100722473?
37, 397, 6857
What are the prime factors of 402579718?
2, 23, 8751733
What are the prime factors of 786823835?
5, 7, 17, 101, 13093
What are the prime factors of 47635514?
2, 23817757
What are the prime factors of 19716162?
2, 3, 41, 80147
List the prime factors of 125459725.
5, 641, 7829
List the prime factors of 18994935.
3, 5, 53, 23893
List the prime factors of 1407211574.
2, 89, 337, 23459
List the prime factors of 62683853.
47, 149, 8951
List the prime factors of 17018684.
2, 4254671
List the prime factors of 2728851190.
2, 5, 13, 1283, 16361
What are the prime factors of 1473212512?
2, 71, 137, 4733
What are the prime factors of 417813341?
11, 181, 209851
What are the prime factors of 4221059562?
2, 3, 29, 8086321
What are the prime factors of 17576565?
3, 5, 1171771
List the prime factors of 1811786.
2, 79, 11467
What are the prime factors of 44652462?
2, 3, 31, 431, 557
List the prime factors of 4716480445.
5, 113, 8347753
List the prime factors of 1167644312.
2, 23, 47, 135019
List the prime factors of 1414954178.
2, 11, 223, 288413
List the prime factors of 161382577.
161382577
What are the prime factors of 4441991365?
5, 7, 359, 50503
List the prime factors of 24799719.
3, 7, 17, 69467
What are the prime factors of 1803412923?
3, 13, 577, 80141
What are the prime factors of 2978444242?
2, 7561, 196961
List the prime factors of 2310148750.
2, 5, 7, 13, 23, 883
What are the prime factors of 1736810080?
2, 5, 89, 121967
What are the prime factors of 814726607?
4903, 166169
List the prime factors of 3217358347.
7, 37, 577, 21529
What are the prime factors of 4436508151?
19, 107, 487, 4481
What are the prime factors of 1020973694?
2, 13, 97, 404827
List the prime factors of 1967135871.
3, 655711957
List the prime factors of 25842596.
2, 13, 29, 17137
What are the prime factors of 137540022?
2, 3, 22923337
What are the prime factors of 215620231?
17, 12683543
List the prime factors of 19026986.
2, 11, 101, 8563
List the prime factors of 58025506.
2, 7, 11, 19, 2833
What are the prime factors of 2426866368?
2, 3, 127, 99527
What are the prime factors of 1576970192?
2, 7, 37, 79, 4817
List the prime factors of 255384438.
2, 3, 17, 271, 9239
What are the prime factors of 372017882?
2, 186008941
What are the prime factors of 154975453?
154975453
What are the prime factors of 1036505830?
2, 5, 41, 73, 34631
List the prime factors of 2149745.
5, 13, 33073
What are the prime factors of 976852591?
11, 13, 641, 10657
List the prime factors of 679702633.
41, 139, 119267
What are the prime factors of 45279141?
3, 61, 181, 1367
What are the prime factors of 150015797?
37, 4054481
What are the prime factors of 1151663925?
3, 5, 15355519
What are the prime factors of 3238404720?
2, 3, 5, 13493353
List the prime factors of 540087871.
67, 8061013
List the prime factors of 41032803.
3, 7, 1953943
What are the prime factors of 231825446?
2, 163, 711121
List the prime factors of 133611161.
89, 751, 1999
List the prime factors of 486582738.
2, 3, 17, 71, 67189
What are the prime factors of 138642180?
2, 3, 5, 2310703
List the prime factors of 104061713.
7, 47, 316297
List the prime factors of 563557036.
2, 7, 769, 3739
What are the prime factors of 151884473?
13, 1231, 9491
What are the prime factors of 2255695815?
3, 5, 150379721
List the prime factors of 96224535.
3, 5, 11, 349, 557
What are the prime factors of 1789143466?
2, 11, 97, 838399
What are the prime factors of 2949226772?
2, 8737, 84389
What are the prime factors of 1193428282?
2, 59, 83, 121853
List the prime factors of 259698933.
3, 13, 457, 1619
List the prime factors of 29764066.
2, 47, 6737
What are the prime factors of 1077275412?
2, 3, 29, 619, 1667
What are the prime factors of 1479549994?
2, 13, 997, 57077
What are the prime factors of 48877346?
2, 7, 17, 23, 8929
List the prime factors of 7418334243.
3, 43, 83, 197, 3517
List the prime factors of 1280319392.
2, 11, 330661
What are the prime factors of 284770162?
2, 17, 8375593
What are the prime factors of 4094197555?
5, 7, 116977073
What are the prime factors of 56565972?
2, 3, 523759
What are the prime factors of 1520952717?
3, 19, 23, 1160147
List the prime factors of 37293534.
2, 3, 23, 10009
What are the prime factors of 288450467?
113, 2552659
List the prime factors of 994848000.
2, 3, 5, 43, 241
What are the prime factors of 1252026258?
2, 3, 7, 173, 172313
List the prime factors of 265695906.
2, 3, 7, 149, 42457
What are the prime factors of 3036262814?
2, 13, 19, 6146281
What are the prime factors of 4095997?
17, 14173
List the prime factors of 914986418.
2, 1621, 282229
List the prime factors of 166789008.
2, 3, 23, 50359
List the prime factors of 10979591.
7, 107, 137
List the prime factors of 5578324467.
3, 89, 1879, 11119
What are the prime factors of 2315726895?
3, 5, 47, 3284719
List the prime factors of 104140381.
127, 383, 2141
List the prime factors of 2951822100.
2, 3, 5, 2383, 4129
List the prime factors of 1274675.
5, 67, 761
What are the prime factors of 1084658116?
2, 29, 41, 228061
What are the prime factors of 118700137?
17, 827, 8443
What are the prime factors of 44823044?
2, 7, 23, 61, 163
What are the prime factors of 1099093198?
2, 7, 78506657
List the prime factors of 5159974522.
2, 2579987261
What are the prime factors of 43697011?
31, 1409581
List the prime factors of 3713869822.
2, 13, 2861, 49927
What are the prime factors of 81351950?
2, 5, 233, 6983
List the prime factors of 255604352.
2, 751, 2659
What are the prime factors of 106443264?
2, 3, 23, 131
List the prime factors of 410199649.
37, 11086477
List the prime factors of 357975657.
3, 13, 23, 137, 971
List the prime factors of 31096095.
3, 5, 37, 43, 1303
What are the prime factors of 265425165?
3, 5, 17, 346961
What are the prime factors of 329558039?
17, 257, 75431
List the prime factors of 104780104.
2, 11, 13, 91591
What are the prime factors of 77035114?
2, 13, 509, 5821
What are the prime factors of 1314035203?
13, 79, 181, 7069
List the prime factors of 897347233.
897347233
List the prime factors of 90543095.
5, 31, 449, 1301
List the prime factors of 141022040.
2, 5, 3525551
What are the prime factors of 178423873?
101, 1766573
What are the prime factors of 175987944?
2, 3, 11, 17, 4357
List the prime factors of 3775229231.
3775229231
List the prime factors of 354316234.
2, 67, 2644151
What are the prime factors of 2932201384?
2, 7, 52360739
List the prime factors of 39742426.
2, 19871213
What are the prime factors of 454382521?
139, 619, 5281
List the prime factors of 514335871.
7, 19, 739, 5233
List the prime factors of 167333597.
43, 1487, 2617
What are the prime factors of 115214753?
71, 1622743
What are the prime factors of 127486775?
5, 13, 392267
What are the prime factors of 83473379?
11, 239, 31751
What are the prime factors of 4839810495?
3, 5, 13, 17, 71, 20563
List the prime factors of 58561152.
2, 3, 13, 11731
What are the prime factors of 1945222877?
13, 103, 1452743
What are the prime factors of 3072872636?
2, 4481, 171439
What are the prime factors of 4997876052?
2, 3, 13, 19, 88747
List the prime factors of 274029274.
2, 31, 239, 18493
What are the prime factors of 57465052?
2, 1